{"id":5928,"date":"2021-03-09T14:37:41","date_gmt":"2021-03-09T13:37:41","guid":{"rendered":"https:\/\/www.vercors-resistance.fr\/?page_id=5928"},"modified":"2021-03-09T14:37:43","modified_gmt":"2021-03-09T13:37:43","slug":"eine-vereinigung-von-stadtwerken","status":"publish","type":"page","link":"https:\/\/www.vercors-resistance.fr\/de\/eine-vereinigung-von-stadtwerken\/","title":{"rendered":"Eine Vereinigung von Stadtwerken"},"content":{"rendered":"\n<p> Quel est aujourd&#8217;hui le r\u00f4le de l&#8217;Association nationale des pionniers et combattants volontaires du Vercors ? Les objectifs de l&#8217;association sont triples.<\/p>\n\n\n\n<p>Honorer et entretenir la m\u00e9moire, tout d&#8217;abord. A ce titre, l&#8217;association entretient les lieux du souvenirs, organise des expositions, diffuse de l&#8217;information sur ce qui s&#8217;est pass\u00e9 dans le Vercors et le Dauphin\u00e9 au cours de la seconde guerre mondiale. La m\u00e9moire des hommes qui ont fait la r\u00e9sistance est plus que jamais d&#8217;actualit\u00e9.<\/p>\n\n\n\n<p>La solidarit\u00e9 entre pionniers, vis-\u00e0-vis des familles&#8230; voil\u00e0 un autre des fondements de la cr\u00e9ation de l&#8217;association.<\/p>\n\n\n\n<p>Transmettre et agir repr\u00e9sente un troisi\u00e8me objectif.<\/p>\n\n\n\n<p>L&#8217;un des r\u00f4les fondamentaux de l&#8217;association est de porter \u00e0 la connaissance des g\u00e9n\u00e9rations actuelles ce qu&#8217;a \u00e9t\u00e9 l&#8217;histoire de la R\u00e9sistance, des femmes et des hommes qui ont agi pour la lib\u00e9ration d&#8217;un peuple, mais aussi de prendre la mesure de toute l&#8217;actualit\u00e9 de ce combat. A ce titre, l&#8217;association organise et participe \u00e0 des c\u00e9r\u00e9monies du souvenirs et porte un int\u00e9r\u00eat tout particulier \u00e0 la diffusion de l&#8217;information de l&#8217;\u00e9cole primaire jusqu&#8217;\u00e0 l&#8217;universit\u00e9. Elle s&#8217;est \u00e9galement dot\u00e9e des moyens modernes de communication qui lui permettent de contacter un tr\u00e8s large public.<\/p>\n\n\n\n<p>Elle contribue par ailleurs au d\u00e9veloppement de la connaissance scientifique en mettant \u00e0 la disposition des chercheurs de toutes disciplines les documents d&#8217;archive dont elle dispose et qui permettront d&#8217;\u00e9tablir les faits avec la rigueur scientifique que permet le recul du temps, contribuant ainsi \u00e0 la connaissance de cette p\u00e9riode de notre histoire et de ses prolongements dans nos soci\u00e9t\u00e9s contemporaines.<\/p>\n\n\n\n<p>Enfin, elle prend part au d\u00e9bat public d\u00e8s lors qu&#8217;il est question de libert\u00e9, de droits de l&#8217;homme et de d\u00e9mocratie.<\/p>\n\n\n\n<p>Tant il est vrai que la connaissance de notre histoire \u00e9claire les chemins de notre avenir commun.<br><\/p>\n","protected":false},"excerpt":{"rendered":"<p>Quel est aujourd&#8217;hui le r\u00f4le de l&#8217;Association nationale des pionniers et combattants volontaires du Vercors ? Les objectifs de l&#8217;association sont triples. Honorer et entretenir la m\u00e9moire, tout d&#8217;abord. A ce titre, l&#8217;association entretient les lieux du souvenirs, organise des expositions, diffuse de l&#8217;information sur ce qui s&#8217;est pass\u00e9 dans le Vercors et le Dauphin\u00e9 (&#8230;) <a href=\"https:\/\/www.vercors-resistance.fr\/de\/eine-vereinigung-von-stadtwerken\/\">Lire la suite<\/a><\/p>\n","protected":false},"author":1,"featured_media":0,"parent":0,"menu_order":0,"comment_status":"closed","ping_status":"closed","template":"","meta":{"_acf_changed":false,"_exactmetrics_skip_tracking":false,"_exactmetrics_sitenote_active":false,"_exactmetrics_sitenote_note":"","_exactmetrics_sitenote_category":0,"footnotes":""},"class_list":["post-5928","page","type-page","status-publish","hentry"],"acf":[],"yoast_head":"<!-- This site is optimized with the Yoast SEO plugin v26.7 - https:\/\/yoast.com\/wordpress\/plugins\/seo\/ -->\n<title>Eine Vereinigung von Stadtwerken - Association nationale des pionniers et combattants volontaires du maquis du Vercors<\/title>\n<meta name=\"robots\" content=\"index, follow, max-snippet:-1, max-image-preview:large, max-video-preview:-1\" \/>\n<link rel=\"canonical\" href=\"https:\/\/www.vercors-resistance.fr\/les-objectifs-de-lassociation\/\" \/>\n<meta property=\"og:locale\" content=\"de_DE\" \/>\n<meta property=\"og:type\" content=\"article\" \/>\n<meta property=\"og:title\" content=\"Eine Vereinigung von Stadtwerken - Association nationale des pionniers et combattants volontaires du maquis du Vercors\" \/>\n<meta property=\"og:description\" content=\"Quel est aujourd&#8217;hui le r\u00f4le de l&#8217;Association nationale des pionniers et combattants volontaires du Vercors ? Les objectifs de l&#8217;association sont triples. Honorer et entretenir la m\u00e9moire, tout d&#8217;abord. A ce titre, l&#8217;association entretient les lieux du souvenirs, organise des expositions, diffuse de l&#8217;information sur ce qui s&#8217;est pass\u00e9 dans le Vercors et le Dauphin\u00e9 (...) Lire la suite\" \/>\n<meta property=\"og:url\" content=\"https:\/\/www.vercors-resistance.fr\/les-objectifs-de-lassociation\/\" \/>\n<meta property=\"og:site_name\" content=\"Association nationale des pionniers et combattants volontaires du maquis du Vercors\" \/>\n<meta property=\"article:modified_time\" content=\"2021-03-09T13:37:43+00:00\" \/>\n<meta name=\"twitter:card\" content=\"summary_large_image\" \/>\n<meta name=\"twitter:label1\" content=\"Gesch\u00e4tzte Lesezeit\" \/>\n\t<meta name=\"twitter:data1\" content=\"2\u00a0Minuten\" \/>\n<script type=\"application\/ld+json\" class=\"yoast-schema-graph\">{\"@context\":\"https:\/\/schema.org\",\"@graph\":[{\"@type\":\"WebPage\",\"@id\":\"https:\/\/www.vercors-resistance.fr\/les-objectifs-de-lassociation\/\",\"url\":\"https:\/\/www.vercors-resistance.fr\/les-objectifs-de-lassociation\/\",\"name\":\"Eine Vereinigung von Stadtwerken - Association nationale des pionniers et combattants volontaires du maquis du Vercors\",\"isPartOf\":{\"@id\":\"https:\/\/www.vercors-resistance.fr\/#website\"},\"datePublished\":\"2021-03-09T13:37:41+00:00\",\"dateModified\":\"2021-03-09T13:37:43+00:00\",\"breadcrumb\":{\"@id\":\"https:\/\/www.vercors-resistance.fr\/les-objectifs-de-lassociation\/#breadcrumb\"},\"inLanguage\":\"de\",\"potentialAction\":[{\"@type\":\"ReadAction\",\"target\":[\"https:\/\/www.vercors-resistance.fr\/les-objectifs-de-lassociation\/\"]}]},{\"@type\":\"BreadcrumbList\",\"@id\":\"https:\/\/www.vercors-resistance.fr\/les-objectifs-de-lassociation\/#breadcrumb\",\"itemListElement\":[{\"@type\":\"ListItem\",\"position\":1,\"name\":\"Accueil\",\"item\":\"https:\/\/www.vercors-resistance.fr\/\"},{\"@type\":\"ListItem\",\"position\":2,\"name\":\"Eine Vereinigung von Stadtwerken\"}]},{\"@type\":\"WebSite\",\"@id\":\"https:\/\/www.vercors-resistance.fr\/#website\",\"url\":\"https:\/\/www.vercors-resistance.fr\/\",\"name\":\"Association nationale des pionniers et combattants volontaires du maquis du Vercors\",\"description\":\"La flamme de la r\u00e9sistance fran\u00e7aise ne doit pas s\u2019\u00e9teindre et ne s\u2019\u00e9teindra pas &lt;span&gt;Charles de Gaulle, appel du 18 juin 1940&lt;\/span&gt;\",\"potentialAction\":[{\"@type\":\"SearchAction\",\"target\":{\"@type\":\"EntryPoint\",\"urlTemplate\":\"https:\/\/www.vercors-resistance.fr\/?s={search_term_string}\"},\"query-input\":{\"@type\":\"PropertyValueSpecification\",\"valueRequired\":true,\"valueName\":\"search_term_string\"}}],\"inLanguage\":\"de\"}]}<\/script>\n<!-- \/ Yoast SEO plugin. -->","yoast_head_json":{"title":"Eine Vereinigung von Stadtwerken - Association nationale des pionniers et combattants volontaires du maquis du Vercors","robots":{"index":"index","follow":"follow","max-snippet":"max-snippet:-1","max-image-preview":"max-image-preview:large","max-video-preview":"max-video-preview:-1"},"canonical":"https:\/\/www.vercors-resistance.fr\/les-objectifs-de-lassociation\/","og_locale":"de_DE","og_type":"article","og_title":"Eine Vereinigung von Stadtwerken - Association nationale des pionniers et combattants volontaires du maquis du Vercors","og_description":"Quel est aujourd&#8217;hui le r\u00f4le de l&#8217;Association nationale des pionniers et combattants volontaires du Vercors ? Les objectifs de l&#8217;association sont triples. Honorer et entretenir la m\u00e9moire, tout d&#8217;abord. A ce titre, l&#8217;association entretient les lieux du souvenirs, organise des expositions, diffuse de l&#8217;information sur ce qui s&#8217;est pass\u00e9 dans le Vercors et le Dauphin\u00e9 (...) Lire la suite","og_url":"https:\/\/www.vercors-resistance.fr\/les-objectifs-de-lassociation\/","og_site_name":"Association nationale des pionniers et combattants volontaires du maquis du Vercors","article_modified_time":"2021-03-09T13:37:43+00:00","twitter_card":"summary_large_image","twitter_misc":{"Gesch\u00e4tzte Lesezeit":"2\u00a0Minuten"},"schema":{"@context":"https:\/\/schema.org","@graph":[{"@type":"WebPage","@id":"https:\/\/www.vercors-resistance.fr\/les-objectifs-de-lassociation\/","url":"https:\/\/www.vercors-resistance.fr\/les-objectifs-de-lassociation\/","name":"Eine Vereinigung von Stadtwerken - Association nationale des pionniers et combattants volontaires du maquis du Vercors","isPartOf":{"@id":"https:\/\/www.vercors-resistance.fr\/#website"},"datePublished":"2021-03-09T13:37:41+00:00","dateModified":"2021-03-09T13:37:43+00:00","breadcrumb":{"@id":"https:\/\/www.vercors-resistance.fr\/les-objectifs-de-lassociation\/#breadcrumb"},"inLanguage":"de","potentialAction":[{"@type":"ReadAction","target":["https:\/\/www.vercors-resistance.fr\/les-objectifs-de-lassociation\/"]}]},{"@type":"BreadcrumbList","@id":"https:\/\/www.vercors-resistance.fr\/les-objectifs-de-lassociation\/#breadcrumb","itemListElement":[{"@type":"ListItem","position":1,"name":"Accueil","item":"https:\/\/www.vercors-resistance.fr\/"},{"@type":"ListItem","position":2,"name":"Eine Vereinigung von Stadtwerken"}]},{"@type":"WebSite","@id":"https:\/\/www.vercors-resistance.fr\/#website","url":"https:\/\/www.vercors-resistance.fr\/","name":"Association nationale des pionniers et combattants volontaires du maquis du Vercors","description":"La flamme de la r\u00e9sistance fran\u00e7aise ne doit pas s\u2019\u00e9teindre et ne s\u2019\u00e9teindra pas &lt;span&gt;Charles de Gaulle, appel du 18 juin 1940&lt;\/span&gt;","potentialAction":[{"@type":"SearchAction","target":{"@type":"EntryPoint","urlTemplate":"https:\/\/www.vercors-resistance.fr\/?s={search_term_string}"},"query-input":{"@type":"PropertyValueSpecification","valueRequired":true,"valueName":"search_term_string"}}],"inLanguage":"de"}]}},"_links":{"self":[{"href":"https:\/\/www.vercors-resistance.fr\/de\/wp-json\/wp\/v2\/pages\/5928","targetHints":{"allow":["GET"]}}],"collection":[{"href":"https:\/\/www.vercors-resistance.fr\/de\/wp-json\/wp\/v2\/pages"}],"about":[{"href":"https:\/\/www.vercors-resistance.fr\/de\/wp-json\/wp\/v2\/types\/page"}],"author":[{"embeddable":true,"href":"https:\/\/www.vercors-resistance.fr\/de\/wp-json\/wp\/v2\/users\/1"}],"replies":[{"embeddable":true,"href":"https:\/\/www.vercors-resistance.fr\/de\/wp-json\/wp\/v2\/comments?post=5928"}],"version-history":[{"count":0,"href":"https:\/\/www.vercors-resistance.fr\/de\/wp-json\/wp\/v2\/pages\/5928\/revisions"}],"wp:attachment":[{"href":"https:\/\/www.vercors-resistance.fr\/de\/wp-json\/wp\/v2\/media?parent=5928"}],"curies":[{"name":"wp","href":"https:\/\/api.w.org\/{rel}","templated":true}]}}

<p> Quel est aujourd&#8217;hui le rôle de l&#8217;Association nationale des pionniers et combattants volontaires du Vercors ? Les objectifs de l&#8217;association sont triples.</p>



<p>Honorer et entretenir la mémoire, tout d&#8217;abord. A ce titre, l&#8217;association entretient les lieux du souvenirs, organise des expositions, diffuse de l&#8217;information sur ce qui s&#8217;est passé dans le Vercors et le Dauphiné au cours de la seconde guerre mondiale. La mémoire des hommes qui ont fait la résistance est plus que jamais d&#8217;actualité.</p>



<p>La solidarité entre pionniers, vis-à-vis des familles&#8230; voilà un autre des fondements de la création de l&#8217;association.</p>



<p>Transmettre et agir représente un troisième objectif.</p>



<p>L&#8217;un des rôles fondamentaux de l&#8217;association est de porter à la connaissance des générations actuelles ce qu&#8217;a été l&#8217;histoire de la Résistance, des femmes et des hommes qui ont agi pour la libération d&#8217;un peuple, mais aussi de prendre la mesure de toute l&#8217;actualité de ce combat. A ce titre, l&#8217;association organise et participe à des cérémonies du souvenirs et porte un intérêt tout particulier à la diffusion de l&#8217;information de l&#8217;école primaire jusqu&#8217;à l&#8217;université. Elle s&#8217;est également dotée des moyens modernes de communication qui lui permettent de contacter un très large public.</p>



<p>Elle contribue par ailleurs au développement de la connaissance scientifique en mettant à la disposition des chercheurs de toutes disciplines les documents d&#8217;archive dont elle dispose et qui permettront d&#8217;établir les faits avec la rigueur scientifique que permet le recul du temps, contribuant ainsi à la connaissance de cette période de notre histoire et de ses prolongements dans nos sociétés contemporaines.</p>



<p>Enfin, elle prend part au débat public dès lors qu&#8217;il est question de liberté, de droits de l&#8217;homme et de démocratie.</p>



<p>Tant il est vrai que la connaissance de notre histoire éclaire les chemins de notre avenir commun.<br></p>

<p>Quel est aujourd&#8217;hui le rôle de l&#8217;Association nationale des pionniers et combattants volontaires du Vercors ? Les objectifs de l&#8217;association sont triples. Honorer et entretenir la mémoire, tout d&#8217;abord. A ce titre, l&#8217;association entretient les lieux du souvenirs, organise des expositions, diffuse de l&#8217;information sur ce qui s&#8217;est passé dans le Vercors et le Dauphiné (&#8230;) <a href="https://www.vercors-resistance.fr/de/eine-vereinigung-von-stadtwerken/">Lire la suite</a></p>

<!-- This site is optimized with the Yoast SEO plugin v26.7 - https://yoast.com/wordpress/plugins/seo/ -->
<title>Eine Vereinigung von Stadtwerken - Association nationale des pionniers et combattants volontaires du maquis du Vercors</title>
<meta name="robots" content="index, follow, max-snippet:-1, max-image-preview:large, max-video-preview:-1" />
<link rel="canonical" href="https://www.vercors-resistance.fr/les-objectifs-de-lassociation/" />
<meta property="og:locale" content="de_DE" />
<meta property="og:type" content="article" />
<meta property="og:title" content="Eine Vereinigung von Stadtwerken - Association nationale des pionniers et combattants volontaires du maquis du Vercors" />
<meta property="og:description" content="Quel est aujourd&#8217;hui le rôle de l&#8217;Association nationale des pionniers et combattants volontaires du Vercors ? Les objectifs de l&#8217;association sont triples. Honorer et entretenir la mémoire, tout d&#8217;abord. A ce titre, l&#8217;association entretient les lieux du souvenirs, organise des expositions, diffuse de l&#8217;information sur ce qui s&#8217;est passé dans le Vercors et le Dauphiné (...) Lire la suite" />
<meta property="og:url" content="https://www.vercors-resistance.fr/les-objectifs-de-lassociation/" />
<meta property="og:site_name" content="Association nationale des pionniers et combattants volontaires du maquis du Vercors" />
<meta property="article:modified_time" content="2021-03-09T13:37:43+00:00" />
<meta name="twitter:card" content="summary_large_image" />
<meta name="twitter:label1" content="Geschätzte Lesezeit" />
	<meta name="twitter:data1" content="2 Minuten" />
<script type="application/ld+json" class="yoast-schema-graph">{"@context":"https://schema.org","@graph":[{"@type":"WebPage","@id":"https://www.vercors-resistance.fr/les-objectifs-de-lassociation/","url":"https://www.vercors-resistance.fr/les-objectifs-de-lassociation/","name":"Eine Vereinigung von Stadtwerken - Association nationale des pionniers et combattants volontaires du maquis du Vercors","isPartOf":{"@id":"https://www.vercors-resistance.fr/#website"},"datePublished":"2021-03-09T13:37:41+00:00","dateModified":"2021-03-09T13:37:43+00:00","breadcrumb":{"@id":"https://www.vercors-resistance.fr/les-objectifs-de-lassociation/#breadcrumb"},"inLanguage":"de","potentialAction":[{"@type":"ReadAction","target":["https://www.vercors-resistance.fr/les-objectifs-de-lassociation/"]}]},{"@type":"BreadcrumbList","@id":"https://www.vercors-resistance.fr/les-objectifs-de-lassociation/#breadcrumb","itemListElement":[{"@type":"ListItem","position":1,"name":"Accueil","item":"https://www.vercors-resistance.fr/"},{"@type":"ListItem","position":2,"name":"Eine Vereinigung von Stadtwerken"}]},{"@type":"WebSite","@id":"https://www.vercors-resistance.fr/#website","url":"https://www.vercors-resistance.fr/","name":"Association nationale des pionniers et combattants volontaires du maquis du Vercors","description":"La flamme de la résistance française ne doit pas s’éteindre et ne s’éteindra pas &lt;span&gt;Charles de Gaulle, appel du 18 juin 1940&lt;/span&gt;","potentialAction":[{"@type":"SearchAction","target":{"@type":"EntryPoint","urlTemplate":"https://www.vercors-resistance.fr/?s={search_term_string}"},"query-input":{"@type":"PropertyValueSpecification","valueRequired":true,"valueName":"search_term_string"}}],"inLanguage":"de"}]}</script>
<!-- / Yoast SEO plugin. -->

Quel est aujourd&#8217;hui le rôle de l&#8217;Association nationale des pionniers et combattants volontaires du Vercors ? Les objectifs de l&#8217;association sont triples. Honorer et entretenir la mémoire, tout d&#8217;abord. A ce titre, l&#8217;association entretient les lieux du souvenirs, organise des expositions, diffuse de l&#8217;information sur ce qui s&#8217;est passé dans le Vercors et le Dauphiné (...) Lire la suite

La flamme de la résistance française ne doit pas s’éteindre et ne s’éteindra pas &lt;span&gt;Charles de Gaulle, appel du 18 juin 1940&lt;/span&gt;
